{"id":40,"date":"2017-07-25T12:39:39","date_gmt":"2017-07-25T12:39:39","guid":{"rendered":"https:\/\/reximan.com\/?page_id=40"},"modified":"2020-06-25T20:19:33","modified_gmt":"2020-06-25T18:19:33","slug":"la-casa","status":"publish","type":"page","link":"https:\/\/reximan.com\/","title":{"rendered":"La Casa"},"content":{"rendered":"<p>[et_pb_section fb_built=\u00bb1&#8243; fullwidth=\u00bbon\u00bb _builder_version=\u00bb3.25.2&#8243;][et_pb_fullwidth_slider _builder_version=\u00bb3.25.2&#8243; background_image=\u00bbhttps:\/\/reximan.com\/wp-content\/uploads\/2019\/08\/Rx-fondo-.jpg\u00bb parallax=\u00bbon\u00bb custom_padding=\u00bb|||\u00bb custom_padding_tablet=\u00bb|||\u00bb custom_padding_phone=\u00bb|||\u00bb box_shadow_style=\u00bbpreset6&#8243; box_shadow_blur=\u00bb10px\u00bb box_shadow_color=\u00bbrgba(0,0,0,0.1)\u00bb remove_inner_shadow=\u00bboff\u00bb hide_content_on_mobile=\u00bboff\u00bb hide_cta_on_mobile=\u00bboff\u00bb show_inner_shadow=\u00bbon\u00bb button_text_size__hover_enabled=\u00bboff\u00bb button_one_text_size__hover_enabled=\u00bboff\u00bb button_two_text_size__hover_enabled=\u00bboff\u00bb button_text_color__hover_enabled=\u00bboff\u00bb button_one_text_color__hover_enabled=\u00bboff\u00bb button_two_text_color__hover_enabled=\u00bboff\u00bb button_border_width__hover_enabled=\u00bboff\u00bb button_one_border_width__hover_enabled=\u00bboff\u00bb button_two_border_width__hover_enabled=\u00bboff\u00bb button_border_color__hover_enabled=\u00bboff\u00bb button_one_border_color__hover_enabled=\u00bboff\u00bb button_two_border_color__hover_enabled=\u00bboff\u00bb button_border_radius__hover_enabled=\u00bboff\u00bb button_one_border_radius__hover_enabled=\u00bboff\u00bb button_two_border_radius__hover_enabled=\u00bboff\u00bb button_letter_spacing__hover_enabled=\u00bboff\u00bb button_one_letter_spacing__hover_enabled=\u00bboff\u00bb button_two_letter_spacing__hover_enabled=\u00bboff\u00bb button_bg_color__hover_enabled=\u00bboff\u00bb button_one_bg_color__hover_enabled=\u00bboff\u00bb button_two_bg_color__hover_enabled=\u00bboff\u00bb][et_pb_slide heading=\u00bbCa Cueva Rexim\u00e1n\u00bb button_text=\u00bbContacto\u00bb button_link=\u00bbhttps:\/\/reximan.com\/?page_id=124&#8243; image=\u00bbhttps:\/\/reximan.com\/wp-content\/uploads\/2019\/08\/La-Casa-1-1.jpg\u00bb use_bg_overlay=\u00bboff\u00bb use_text_overlay=\u00bbon\u00bb _builder_version=\u00bb3.25.2&#8243; header_font=\u00bb|on|||\u00bb body_font=\u00bb|on|||\u00bb background_color=\u00bb#ffffff\u00bb background_position=\u00bbtop_left\u00bb button_icon_placement=\u00bbright\u00bb button_on_hover=\u00bbon\u00bb button_text_size__hover_enabled=\u00bboff\u00bb button_one_text_size__hover_enabled=\u00bboff\u00bb button_two_text_size__hover_enabled=\u00bboff\u00bb button_text_color__hover_enabled=\u00bboff\u00bb button_one_text_color__hover_enabled=\u00bboff\u00bb button_two_text_color__hover_enabled=\u00bboff\u00bb button_border_width__hover_enabled=\u00bboff\u00bb button_one_border_width__hover_enabled=\u00bboff\u00bb button_two_border_width__hover_enabled=\u00bboff\u00bb button_border_color__hover_enabled=\u00bboff\u00bb button_one_border_color__hover_enabled=\u00bboff\u00bb button_two_border_color__hover_enabled=\u00bboff\u00bb button_border_radius__hover_enabled=\u00bboff\u00bb button_one_border_radius__hover_enabled=\u00bboff\u00bb button_two_border_radius__hover_enabled=\u00bboff\u00bb button_letter_spacing__hover_enabled=\u00bboff\u00bb button_one_letter_spacing__hover_enabled=\u00bboff\u00bb button_two_letter_spacing__hover_enabled=\u00bboff\u00bb button_bg_color__hover_enabled=\u00bboff\u00bb button_one_bg_color__hover_enabled=\u00bboff\u00bb button_two_bg_color__hover_enabled=\u00bboff\u00bb]<\/p>\n<p>Vivienda vacacional en Inguanzo<\/p>\n<p>Cabrales, Asturias, Picos de Europa<\/p>\n<p>[\/et_pb_slide][\/et_pb_fullwidth_slider][\/et_pb_section][et_pb_section fb_built=\u00bb1&#8243; admin_label=\u00bbsection\u00bb _builder_version=\u00bb3.22.3&#8243; background_color=\u00bb#013220&#8243;][et_pb_row column_structure=\u00bb2_3,1_3&#8243; admin_label=\u00bbrow\u00bb _builder_version=\u00bb3.25&#8243; background_size=\u00bbinitial\u00bb background_position=\u00bbtop_left\u00bb background_repeat=\u00bbrepeat\u00bb][et_pb_column type=\u00bb2_3&#8243; _builder_version=\u00bb3.25&#8243; custom_padding=\u00bb|||\u00bb custom_padding__hover=\u00bb|||\u00bb][et_pb_blurb title=\u00bbApartamentos tur\u00edsticos\u00bb image_max_width=\u00bbnone\u00bb _builder_version=\u00bb3.0.87&#8243; header_font_size=\u00bb25&#8243; background_color=\u00bb#ffffff\u00bb text_orientation=\u00bbcenter\u00bb custom_padding=\u00bb10px|10px|10px|10px\u00bb border_style=\u00bbsolid\u00bb]<\/p>\n<p style=\"text-align: left;\"><em><strong>Ca Rexim\u00e1n<\/strong><\/em> est\u00e1 situada en el pueblo de Inguanzo, concejo de Cabrales, Asturias.<\/p>\n<p style=\"text-align: left;\">Es una vivienda vacacional independiente, que dispone de dos habitaciones, ambas con ba\u00f1o, sala de estar y cocina.<\/p>\n<p style=\"text-align: left;\">Ca Reximan toma el nombre de nuestras casas familiares.<\/p>\n<p>[\/et_pb_blurb][et_pb_gallery gallery_ids=\u00bb79,92,93,94,95,96,97,99,199,198,197,196,188,187,195,194,192,185,189,186,193,77&#8243; gallery_captions=\u00bb,,,Entrada,Segundo ba\u00f1o,Habitaci\u00f3n sencilla,Detalle de habitaci\u00f3n,Sal\u00f3n,Amanece,Andando 15 minutos desde Casa preciosa vista del Valle, al fondo Arenas de Cabrales,Exterior del apartamento. En invierno nos visita la nieve,,Torimbia,Nuestro pueblo, Inguanzo,Desde el mar: Llanes y Los Picos de Europa, donde estamos.,Detalles,Nuestra Casa,Nuestra casa y las de los vecinos,Detalle de la entrada.,Detalle de habitaci\u00f3n,Nuestra casa desde la pista polidepertiva.,\u00bb fullwidth=\u00bbon\u00bb _builder_version=\u00bb3.0.89&#8243; border_style_all=\u00bbsolid\u00bb border_style=\u00bbsolid\u00bb][\/et_pb_gallery][et_pb_blurb title=\u00bbEstamos aqu\u00ed\u00bb image_max_width=\u00bbnone\u00bb _builder_version=\u00bb3.0.87&#8243; header_font_size=\u00bb25&#8243; background_color=\u00bb#ffffff\u00bb text_orientation=\u00bbcenter\u00bb custom_padding=\u00bb10px|10px|10px|10px\u00bb border_style=\u00bbsolid\u00bb][\/et_pb_blurb][et_pb_code]<iframe loading=\"lazy\" src=\"https:\/\/www.google.com\/maps\/embed?pb=!1m18!1m12!1m3!1d2903.224740457639!2d-4.868697484513354!3d43.309554579134556!2m3!1f0!2f0!3f0!3m2!1i1024!2i768!4f13.1!3m3!1m2!1s0x0%3A0xf7d45514efebc06f!2sVivienda+Vacacional+Ca%C2%B4Cueva+Reximan!5e0!3m2!1ses!2sus!4v1500989061810\" width=\"700\" height=\"450\" frameborder=\"0\" style=\"border:0\" allowfullscreen><\/iframe>[\/et_pb_code][\/et_pb_column][et_pb_column type=\u00bb1_3&#8243; _builder_version=\u00bb3.25&#8243; custom_padding=\u00bb|||\u00bb custom_padding__hover=\u00bb|||\u00bb][et_pb_blurb title=\u00bbInguanzo\u00bb image_max_width=\u00bbnone\u00bb _builder_version=\u00bb3.0.87&#8243; header_font_size=\u00bb25&#8243; background_color=\u00bb#ffffff\u00bb custom_padding=\u00bb10px|10px|10px|10px\u00bb border_style=\u00bbsolid\u00bb]Inguanzo es un pueblo del concejo de Cabrales situado a media ladera del macizo de Los Picos de Europa, a 330 metros de altitud.<\/p>\n<p>En medio de un conjunto arquitect\u00f3nico de gran inter\u00e9s, destaca la Iglesia de Santa Cruz, construida a finales del siglo XVIII, y el palacio de los marqueses que lleva su mismo nombre.<\/p>\n<p>El pueblo est\u00e1 a poco m\u00e1s de 3 kil\u00f3metros de Carre\u00f1a, la capital del municipio, y a 12 de Poncebos, donde comienza la Ruta del Cares y desde donde parte -tambi\u00e9n- el funicular a Bulnes.[\/et_pb_blurb][et_pb_blurb title=\u00bbGu\u00eda de Los Picos de Europa\u00bb url=\u00bbhttps:\/\/alospicos.com\u00bb _builder_version=\u00bb3.25.2&#8243; header_font=\u00bb||||||||\u00bb body_font=\u00bb||||||||\u00bb background_color=\u00bb#3b5998&#8243; background_layout=\u00bbdark\u00bb custom_padding=\u00bb30px|30px|30px|30px|true|true\u00bb link_option_url=\u00bbhttps:\/\/alospicos.com\u00bb link_option_url_new_window=\u00bbon\u00bb][\/et_pb_blurb][et_pb_blurb title=\u00bbUrriellu\u00bb url=\u00bbhttps:\/\/alospicos.com\/index.php\/project\/urriellu\/\u00bb url_new_window=\u00bbon\u00bb _builder_version=\u00bb3.25.2&#8243; header_font=\u00bb||||||||\u00bb body_font=\u00bb||||||||\u00bb background_color=\u00bb#3b5998&#8243; background_layout=\u00bbdark\u00bb custom_padding=\u00bb30px|30px|30px|30px|true|true\u00bb link_option_url=\u00bbhttps:\/\/alospicos.com\/index.php\/project\/urriellu\/\u00bb link_option_url_new_window=\u00bbon\u00bb][\/et_pb_blurb][et_pb_blurb title=\u00bbRuta del Cares\u00bb url=\u00bbhttps:\/\/alospicos.com\/index.php\/ruta-del-cares\/\u00bb url_new_window=\u00bbon\u00bb _builder_version=\u00bb3.25.2&#8243; header_font=\u00bb||||||||\u00bb body_font=\u00bb||||||||\u00bb background_color=\u00bb#3b5998&#8243; background_layout=\u00bbdark\u00bb custom_padding=\u00bb30px|30px|30px|30px|true|true\u00bb link_option_url=\u00bbhttps:\/\/alospicos.com\/index.php\/ruta-del-cares\/\u00bb link_option_url_new_window=\u00bbon\u00bb][\/et_pb_blurb][\/et_pb_column][\/et_pb_row][et_pb_row _builder_version=\u00bb3.25.2&#8243;][et_pb_column type=\u00bb4_4&#8243; _builder_version=\u00bb3.25.2&#8243;][et_pb_gallery gallery_ids=\u00bb390,245,247,248,249,250,251,262,400,383,380,379,378,376,375,373,363,364,365,366,367,368,369,371,372,362,361,360,359,358,357,356,355,353,342,343,345,346,347,348,349,350,351,341,340,339,338,335,333,332,271,235,256,258,260&#8243; posts_number=\u00bb8&#8243; _builder_version=\u00bb4.4.8&#8243; hover_enabled=\u00bb0&#8243;][\/et_pb_gallery][\/et_pb_column][\/et_pb_row][et_pb_row _builder_version=\u00bb3.25.2&#8243;][et_pb_column type=\u00bb4_4&#8243; _builder_version=\u00bb3.25.2&#8243;][et_pb_cta title=\u00bbCa Cueva Reximan\u00bb button_url=\u00bbhttps:\/\/reximan.com\/?page_id=124&#8243; url_new_window=\u00bbon\u00bb button_text=\u00bbContacto\u00bb _builder_version=\u00bb3.25.2&#8243; background_color=\u00bb#e02b20&#8243; border_style=\u00bbsolid\u00bb button_text_size__hover_enabled=\u00bboff\u00bb button_one_text_size__hover_enabled=\u00bboff\u00bb button_two_text_size__hover_enabled=\u00bboff\u00bb button_text_color__hover_enabled=\u00bboff\u00bb button_one_text_color__hover_enabled=\u00bboff\u00bb button_two_text_color__hover_enabled=\u00bboff\u00bb button_border_width__hover_enabled=\u00bboff\u00bb button_one_border_width__hover_enabled=\u00bboff\u00bb button_two_border_width__hover_enabled=\u00bboff\u00bb button_border_color__hover_enabled=\u00bboff\u00bb button_one_border_color__hover_enabled=\u00bboff\u00bb button_two_border_color__hover_enabled=\u00bboff\u00bb button_border_radius__hover_enabled=\u00bboff\u00bb button_one_border_radius__hover_enabled=\u00bboff\u00bb button_two_border_radius__hover_enabled=\u00bboff\u00bb button_letter_spacing__hover_enabled=\u00bboff\u00bb button_one_letter_spacing__hover_enabled=\u00bboff\u00bb button_two_letter_spacing__hover_enabled=\u00bboff\u00bb button_bg_color__hover_enabled=\u00bboff\u00bb button_one_bg_color__hover_enabled=\u00bboff\u00bb button_two_bg_color__hover_enabled=\u00bboff\u00bb][\/et_pb_cta][\/et_pb_column][\/et_pb_row][\/et_pb_section]<\/p>\n","protected":false},"excerpt":{"rendered":"<p>Vivienda vacacional en Inguanzo Cabrales, Asturias, Picos de EuropaCa Rexim\u00e1n est\u00e1 situada en el pueblo de Inguanzo, concejo de Cabrales, Asturias. Es una vivienda vacacional independiente, que dispone de dos habitaciones, ambas con ba\u00f1o, sala de estar y cocina. Ca Reximan toma el nombre de nuestras casas familiares.Inguanzo es un pueblo del concejo de Cabrales [&hellip;]<\/p>\n","protected":false},"author":2,"featured_media":0,"parent":0,"menu_order":0,"comment_status":"closed","ping_status":"closed","template":"","meta":{"_et_pb_use_builder":"on","_et_pb_old_content":"","_et_gb_content_width":"","footnotes":""},"class_list":["post-40","page","type-page","status-publish","hentry"],"_links":{"self":[{"href":"https:\/\/reximan.com\/index.php?rest_route=\/wp\/v2\/pages\/40","targetHints":{"allow":["GET"]}}],"collection":[{"href":"https:\/\/reximan.com\/index.php?rest_route=\/wp\/v2\/pages"}],"about":[{"href":"https:\/\/reximan.com\/index.php?rest_route=\/wp\/v2\/types\/page"}],"author":[{"embeddable":true,"href":"https:\/\/reximan.com\/index.php?rest_route=\/wp\/v2\/users\/2"}],"replies":[{"embeddable":true,"href":"https:\/\/reximan.com\/index.php?rest_route=%2Fwp%2Fv2%2Fcomments&post=40"}],"version-history":[{"count":22,"href":"https:\/\/reximan.com\/index.php?rest_route=\/wp\/v2\/pages\/40\/revisions"}],"predecessor-version":[{"id":407,"href":"https:\/\/reximan.com\/index.php?rest_route=\/wp\/v2\/pages\/40\/revisions\/407"}],"wp:attachment":[{"href":"https:\/\/reximan.com\/index.php?rest_route=%2Fwp%2Fv2%2Fmedia&parent=40"}],"curies":[{"name":"wp","href":"https:\/\/api.w.org\/{rel}","templated":true}]}}